t x = -47 - n. Suppose -270 = -x*k + 90. List the prime factors of k.
2, 3
Let g = 16 - 41. Let f be (-5)/g - 314/(-5). Let d = 95 - f. What are the prime factors of d?
2
Let v be -5 + 7 + 2/(-1). Let h be 48/18*(1 - (-3)/6). Suppose 3*q + 2*a - 23 = 68, -5*q + h*a + 159 = v. What are the prime factors of q?
31
Let j = 14 - 7. Let x(r) = 5*r**2 + 12*r - 37. What are the prime factors of x(j)?
2, 73
Let u be (2 - 0)/4*(22 + -26). List the prime factors of (2*-42)/(u*12/16).
2, 7
List the prime factors of (-14637)/(-14) - (-16)/(-32).
5, 11, 19
Let c be (-5 + 8631/14)*-2. Let o = c - -1967. List the prime factors of o.
2, 3, 31
Suppose 3*a = 3, 3*l = 6*l - 2*a - 1. List the prime factors of 5*(3 - -42*l) - 4.
13, 17
Suppose -18*c = 4*c - 22. List the prime factors of (5 - 10)*c + 438.
433
Let w(n) = 3*n**2 - 108*n + 647. List the prime factors of w(85).
2, 6571
Let s(n) be the first derivative of -n**2 + 16*n - 7. Let b be s(6). Suppose -2*h + 5*h = 2*c + 162, 12 = b*c. What are the prime factors of h?
2, 7
Let c = 146 + -75. Suppose 58 = -4*t - 0*q - 2*q, -5*t - c = 4*q. What are the prime factors of ((-48)/t)/(-2*(-2)/10)?
2
Let q(i) = 2*i**2 - 9*i - 14. Let k be q(6). Suppose 110 = 5*c - 5*h, -k*c + 26 = 3*h - 76. Let a = 44 - c. What are the prime factors of a?
2, 5
Suppose -o + 5*o - 3*q = 30763, 3*o + 5*q = 23065. What are the prime factors of o?
2, 5, 769
List the prime factors of -164*(-13)/(-52)*157/(-2)*4.
2, 41, 157
Suppose -2*c + 3*s - 991 = -6*c, -1012 = -4*c + 4*s. Suppose -c*y = -257*y + 5194. What are the prime factors of y?
2, 7, 53
Suppose -4*x + 6185 = 5*k, 4*k + 3*x = -0*k + 4949. Suppose 3*b + 3*y - 7*y - k = 0, 6 = -3*y. List the prime factors of b.
3, 137
Let n(a) = -3*a**3 + 8*a**2 + 7*a - 6. Let j be n(4). Let f be (j/56)/((-3)/20). Suppose f*m - 406 = 684. What are the prime factors of m?
2, 109
Suppose 0 = -4*y + 293 - 293. Suppose -29*k + 6341 + 7405 = y. List the prime factors of k.
2, 3, 79
Suppose -10*h + 11*h = 27. Suppose h = -2*o + 5*a, -27 = -o + 4*o - 3*a. What are the prime factors of -1*158*3/o?
79
Suppose -5*i + 49282 = -3*v - 91837, 4*v = -12. List the prime factors of i.
2, 103, 137
Let a(i) = -i**2 + 25*i - 27. Let v be a(13). Suppose d = v + 30. What are the prime factors of d?
3, 53
Let c(h) = 15*h - 149 - 12*h - 13*h - 9*h + 3. What are the prime factors of c(-14)?
2, 3, 5
Let n(s) be the third derivative of 74*s**5/15 + 7*s**4/6 + 26*s**3/3 - 142*s**2. List the prime factors of n(-2).
2, 5, 59
Let c(o) = 326*o**3 - 5*o + 4. Let u be c(1). Suppose 10*j - u - 6705 = 0. What are the prime factors of j?
19, 37
Let i(x) = 26*x**3 + 5*x**2 - 52*x + 78. What are the prime factors of i(7)?
3, 11, 269
What are the prime factors of 771*42/18*(5 + 0)?
5, 7, 257
Suppose 2*z = 63 + 143. Suppose -z*i = -104*i + 143. What are the prime factors of i?
11, 13
Let z = -39084 - -71087. List the prime factors of z.
32003
Let k(v) be the third derivative of -7*v**6/120 - 2*v**5/15 + v**4/3 + 19*v**3/6 - 52*v**2. What are the prime factors of k(-4)?
307
Let x be 5 + 0 + 2094/(-2). Let s = 1638 + x. What are the prime factors of s?
2, 149
Let i(j) = -13 - 25 - 23*j + 57*j + 32*j. What are the prime factors of i(4)?
2, 113
Suppose -4*u + 168 = 4*u. Let x = 29 - u. List the prime factors of (-18*x/(-10))/(6/75).
2, 3, 5
Let w(l) = 10*l**2 - 457*l + 993. List the prime factors of w(102).
3, 6491
Suppose -1 = -y - 43. What are the prime factors of 7*(-12)/y*592?
2, 37
Suppose 0 = -87*t + 95*t - 38480. What are the prime factors of t?
2, 5, 13, 37
Suppose -25*g + 308070 = 24853 - 108683. What are the prime factors of g?
2, 3919
Let v = -25308 - -25776. What are the prime factors of v?
2, 3, 13
Let a(j) = 1801*j**2 - 44*j + 30. List the prime factors of a(5).
3, 5, 7, 61
Let q(m) = -2*m**3 + 2*m**2 + 83*m + 56538. What are the prime factors of q(0)?
2, 3, 349
Suppose -25 = -5*l, -s + 37*l - 34*l + 23895 = 0. List the prime factors of s.
2, 3, 5, 797
Suppose -1339*z + 1336*z = 15771 - 121368. What are the prime factors of z?
3, 3911
Let c(r) be the second derivative of -16*r**3/3 + 40*r**2 + 2*r - 19. List the prime factors of c(-5).
2, 3, 5
Let a(i) = 19*i + 21. Let f be a(-24). Let r be 0 + -295 - (3 + -1). Let n = r - f. What are the prime factors of n?
2, 3, 23
Let p = 75 - 72. Suppose 4*h - p*l = 869, 3*h + l - 238 = 404. List the prime factors of h.
5, 43
Let p = 73052 - 33563. What are the prime factors of p?
3, 13163
Let g(q) = -q**2 + 18*q - 30. Let a(x) = -x**2 + 33*x - 188. Let b be a(8). What are the prime factors of g(b)?
2, 3, 7
Let v = 41 + -15. Let p(r) = 158*r**2 + 84*r - 6. Let n(t) = -113*t**2 - 56*t + 4. Let f(h) = 7*n(h) + 5*p(h). List the prime factors of f(v).
2, 5
Let k(o) = 162*o + 3*o**2 - 14 - 306*o + 8*o**2 + 159*o. What are the prime factors of k(-11)?
2, 3
What are the prime factors of (52/(-8) - (-9)/2) + 32688?
2, 59, 277
Suppose -4*t + 5*k + 215 = 0, 5*t + 4*k + 174 = 494. Let a(q) = -6*q + 9. Let s be a(6). Let w = s + t. What are the prime factors of w?
3, 11
Let q = 3241 - 2236. Let u = -508 + q. List the prime factors of u.
7, 71
Let u be (-2 + 80/25)*5/2. Suppose -u*g - 1 - 2 = -3*b, 0 = -g + 3*b + 5. List the prime factors of (-2 + (-10)/g)*(29 - 3).
13
Suppose -15 = 3*d, 4*d + 8 + 2 = 5*r. List the prime factors of (8 + (-105)/14)/(r/(-3428)).
857
Let s = 172 - 56. Suppose -2*d = -448 - s. List the prime factors of d.
2, 3, 47
Suppose 0 = 34*o - 39*o + 9300. Suppose -3*x - o = -6*v + 3*v, -5*v = 3*x - 3084. What are the prime factors of v?
2, 3, 103
Suppose 22*h - 28*h + 1734 = 0. Suppose -537 = 288*y - h*y. What are the prime factors of y?
3, 179
Let l = 44 - 30. Let r = l + -14. Suppose r = -4*q - 11 + 27. What are the prime factors of q?
2
Let j(p) be the first derivative of 2*p**3/3 - 29*p**2 - 67*p + 56. What are the prime factors of j(32)?
5
Suppose 58*o - 36723 = 53*o + t, 0 = 4*o - 3*t - 29374. List the prime factors of o.
5, 13, 113
Let q = 345 - 343. Suppose 4*v + q*n - 1358 = 0, 12*v - 7*v = 2*n + 1711. What are the prime factors of v?
11, 31
Let j be (6 + 545)*(5 - (0 - -4)). Suppose 2537 = 5*q - i - j, i = -5*q + 3092. List the prime factors of q.
2, 3, 103
Let x(d) = d + 143. Let i be x(23). Suppose -5*m - 4*t = -1226, 820 = 4*m - 2*t - i. List the prime factors of m.
2, 3, 41
Let b(y) = 9*y + 7. Let f = 88 - 85. Let a be b(f). Suppose -a = -6*l + 80. What are the prime factors of l?
19
Let o = 23694 + -20688. List the prime factors of o.
2, 3, 167
Let s(a) be the first derivative of -a**4/4 + 13*a**3/3 - 6*a**2 - 28*a + 81. What are the prime factors of s(11)?
2, 41
Let r = 14949 - 12292. List the prime factors of r.
2657
Let v(o) = -o**2 + 16*o + 123. Let h be v(22). What are the prime factors of h + 1939 - (-7 - (0 + -2))?
3, 5, 43
Suppose 4*j = 3*j + 4. Let z = 7 - j. Suppose h = -3*h + z*n + 132, 4*h - 100 = -5*n. List the prime factors of h.
2, 3, 5
Let n = -788 - -802. Suppose 0 = -n*s - 329 + 1239. What are the prime factors of s?
5, 13
Suppose 0 = -72*y + 63244 + 79892. What are the prime factors of y?
2, 7, 71
Let g = -56 + 59. Suppose 0 = -0*x - 2*x - g*p - 31, -3*p - 3 = 0. Let w(v) = -v**2 - 15*v + 29. List the prime factors of w(x).
43
Let l(j) = -j**2 + 29*j + 8. Let o be l(10). Let f(q) = o*q - 9 - 105*q - 107*q. What are the prime factors of f(-7)?
89
Let q = -12360 - -20698. List the prime factors of q.
2, 11, 379
Suppose 4*g = i + 57, 2*i = 2*g + 6 - 30. Let h = 17 - g. Suppose -2*n - 5*c + 351 = -0*n, 0 = -h*n - 4*c + 346. List the prime factors of n.
163
Let y be ((-72)/(-20))/((-4828)/4840 - -1). Suppose c + 11*c = y. What are the prime factors of c?
11
Suppose -9*n - o = -2*o - 56046, 0 = 4*n - 2*o - 24914. What are the prime factors of n?
13, 479
Let k(y) = -859*y - 37. Let p be k(-6). Suppose 2*a - 5*s - 2591 = 0, 4*s - s - p = -4*a. List the prime factors of a.
1283
List the prime factors of (-80)/(-32) - (1 + 14737/(-2)).
2, 5, 11, 67
Let l = 3057 - 1792. Let f = l + 401. What are the prime factors of f?
2, 7, 17
Let g = -18074 + 25341. List the prime factors of g.
13, 43
Suppose -21 = -30*o + 23*o. Suppose 326 = 3*t + 3*h + 17, -5*h + 301 = o*t. List the prime factors of t.
107
Let v(u) = 781*u**2 - 7*u + 74. List the prime factors of v(-7).
2, 